{"id":2,"date":"2010-09-30T03:42:19","date_gmt":"2010-09-30T03:42:19","guid":{"rendered":"http:\/\/andrerocha.net\/blog\/?page_id=2"},"modified":"2026-03-05T14:04:08","modified_gmt":"2026-03-05T17:04:08","slug":"sobre","status":"publish","type":"page","link":"https:\/\/andrerocha.net\/blog\/?page_id=2","title":{"rendered":"Sobre o autor"},"content":{"rendered":"<p>Andr\u00e9 Luiz Gon\u00e7alves da Rocha, ou simplesmente Andr\u00e9 Rocha, brasiliense de corpo, alma e RG! Otimista por natureza, crist\u00e3o por f\u00e9 e professor por op\u00e7\u00e3o. Nascido em 12 de agosto, dia das artes, e como qualquer brasileiro, personifica a vontade de pintar uma obra prima ilustrando sempre um dia melhor que o outro. Tamb\u00e9m como qualquer brasileiro, um atleta a driblar tudo e todos que competem contra seu bem-viver. Faz-de-tudo-um-pouco nas horas de folga (fot\u00f3grafo, DJ, bricoleiro..) Nas linhas tortas de rimas pobres, alimenta-se de &#8220;quase todos sentimentos em versos&#8221;.<\/p>\n","protected":false},"excerpt":{"rendered":"<p>Andr\u00e9 Luiz Gon\u00e7alves da Rocha, ou simplesmente Andr\u00e9 Rocha, brasiliense de corpo, alma e RG! Otimista por natureza, crist\u00e3o por f\u00e9 e professor por op\u00e7\u00e3o. Nascido em 12 de agosto, dia das artes, e como qualquer brasileiro, personifica a vontade de pintar uma obra prima ilustrando sempre um dia melhor que o outro. Tamb\u00e9m como [&hellip;]<\/p>\n","protected":false},"author":1,"featured_media":0,"parent":0,"menu_order":0,"comment_status":"open","ping_status":"closed","template":"","meta":{"footnotes":""},"class_list":["post-2","page","type-page","status-publish","hentry"],"_links":{"self":[{"href":"https:\/\/andrerocha.net\/blog\/index.php?rest_route=\/wp\/v2\/pages\/2","targetHints":{"allow":["GET"]}}],"collection":[{"href":"https:\/\/andrerocha.net\/blog\/index.php?rest_route=\/wp\/v2\/pages"}],"about":[{"href":"https:\/\/andrerocha.net\/blog\/index.php?rest_route=\/wp\/v2\/types\/page"}],"author":[{"embeddable":true,"href":"https:\/\/andrerocha.net\/blog\/index.php?rest_route=\/wp\/v2\/users\/1"}],"replies":[{"embeddable":true,"href":"https:\/\/andrerocha.net\/blog\/index.php?rest_route=%2Fwp%2Fv2%2Fcomments&post=2"}],"version-history":[{"count":9,"href":"https:\/\/andrerocha.net\/blog\/index.php?rest_route=\/wp\/v2\/pages\/2\/revisions"}],"predecessor-version":[{"id":427,"href":"https:\/\/andrerocha.net\/blog\/index.php?rest_route=\/wp\/v2\/pages\/2\/revisions\/427"}],"wp:attachment":[{"href":"https:\/\/andrerocha.net\/blog\/index.php?rest_route=%2Fwp%2Fv2%2Fmedia&parent=2"}],"curies":[{"name":"wp","href":"https:\/\/api.w.org\/{rel}","templated":true}]}}